1100201201
Convert -89a0 (base 12) to base 8.
-35610
Convert 20103013 (base 5) to base 2.
100111000000001110
Convert 111020111 (base 3) to base 13.
4516
Convert d13e4 (base 15) to base 5.
132144024
Convert -11941 (base 13) to base 14.
-bad6
-100110111110110001111100 (base 2) to base 9
-21204272
Convert 15205363 (base 7) to base 15.
1d8c74
Convert 13a604 (base 12) to base 13.
b6ab2
Convert -71069 (base 11) to base 2.
-11001010111010101
Convert 1403004 (base 11) to base 3.
11112221021211
What is 10014330220 (base 5) in base 15?
d0d80a
What is 110010100110010011010 (base 2) in base 11?
a32762
Convert 66870 (base 9) to base 15.
d286
What is -116323 (base 11) in base 6?
-3540054
Convert -6aaab4 (base 12) to base 6.
-100503144
Convert -21122101212 (base 3) to base 11.
-a3059
-1a596a (base 11) to base 2
-1001100111110010001
1a9c1 (base 13) to base 3
2122121200
Convert 11023000 (base 4) to base 13.
9847
-11c354 (base 13) to base 15
-866ce
-3505124 (base 6) to base 7
-1346503
What is -12315212 (base 6) in base 11?
-252887
Convert 762751 (base 9) to base 10.
454780
2a9b23 (base 12) to base 5
141102222
What is -ab931c (base 13) in base 3?
-21121121222221
Convert -104430223 (base 5) to base 11.
-29a318
87910 (base 10) to base 11
60059
1220030110 (base 4) to base 12
186b84
-292469 (base 10) to base 6
-10134005
What is -10312321 (base 6) in base 7?
-2410354
-8629 (base 13) to base 14
-6b05
Convert 2075262 (base 8) to base 9.
1036242
-11111100111010010 (base 2) to base 12
-62b2a
What is -47a292 (base 11) in base 7?
-6314514
102451520 (base 7) to base 4
113030112332
123ea (base 16) to base 11
51167
What is 2603440 (base 7) in base 14?
8ad57
What is -74a044 (base 12) in base 10?
-1842100
Convert -1022200313 (base 5) to base 7.
-24151232
13122243 (base 5) to base 10
129698
-1612b9c (base 14) to base 3
-202022211111012
-5b6c3 (base 14) to base 2
-110110100101111011
Convert 274244 (base 10) to base 2.
1000010111101000100
Convert -1502032 (base 6) to base 3.
-11100221202
Convert -64b1b (base 12) to base 2.
-100000011101000111
Convert 1942630 (base 10) to base 6.
105345354
Convert -ba2a (base 13) to base 10.
-25893
What is 32304 (base 9) in base 3?
1002100011
What is 175470 (base 9) in base 11?
74999
2064045 (base 11) to base 14
6a92a9
338a01 (base 14) to base 11
a97863
Convert 15062756 (base 8) to base 7.
41121364
Convert 4165702 (base 12) to base 7.
206530202
What is -1153633 (base 9) in base 7?
-5215032
Convert -228689 (base 10) to base 4.
-313311101
What is 4f441e (base 16) in base 2?
10011110100010000011110
224404302 (base 5) to base 15
150287
What is 10000110101110011 (base 2) in base 11?
47909
-a537 (base 15) to base 9
-52817
21102132 (base 4) to base 2
1001010010011110
What is -120222121210101 (base 3) in base 13?
-19b5bba
1059a8 (base 12) to base 7
2125541
What is -1311302223 (base 4) in base 13?
-13b7b6
Convert 1914771 (base 12) to base 7.
62442256
1102411434 (base 5) to base 4
21013012101
Convert -1e4d7 (base 15) to base 13.
-36088
Convert -120131321 (base 4) to base 7.
-565115
312541 (base 7) to base 9
81687
12015151 (base 8) to base 7
31224252
Convert -285694 (base 16) to base 4.
-22011122110
What is 2211020120001 (base 3) in base 16?
16e610
320113300 (base 4) to base 6
4540544
What is 32032210133 (base 4) in base 5?
1423322240
Convert -279059 (base 10) to base 2.
-1000100001000010011
-2022113 (base 5) to base 2
-1000000000001111
Convert -1642428 (base 12) to base 16.
-45abe0
What is 25209c (base 13) in base 6?
31023550
Convert -1111036 (base 7) to base 13.
-4a5cc
-26805 (base 15) to base 4
-132012221
-1312313304 (base 5) to base 15
-44166e
-1450413 (base 6) to base 4
-110212221
What is 134 (base 14) in base 15?
112
-335065 (base 8) to base 9
-182253
-784155 (base 9) to base 2
-1110010011110001110
Convert 64608 (base 14) to base 16.
3b3e0
What is -1ac43 (base 14) in base 15?
-15362
bd8698 (base 14) to base 16
623f4e
-472430 (base 8) to base 5
-20123143
Convert -a89c21 (base 13) to base 3.
-21110100112220
What is -a832 (base 12) in base 2?
-100100000100110
What is 31021121 (base 4) in base 12?
271b5
Convert -1272615 (base 11) to base 8.
-10310002
What is -176141 (base 10) in base 6?
-3435245
What is -11677232 (base 8) in base 12?
-a49a4a
Convert 231022102210 (base 4) to base 14.
1802524
Convert 10040 (base 15) to base 5.
3110220
2507831 (base 11) to base 4
100220020220
What is 1000101101000011000101 (base 2) in base 15?
3010b4
What is 203231141 (base 5) in base 8?
3141505
Convert 1464362 (base 15) to base 14.
1d5bd5c
What is -573ab (base 14) in base 11?
-135332
What is -6664 (base 11) in base 9?
-13037
Convert 294c75 (base 16) to base 2.
1010010100110001110101
-116340 (base 8) to base 2
-1001110011100000
Convert a988bc (base 13) to base 15.
53be27
What is -4749138 (base 10) in base 6?
-245442430
Convert -24890 (base 10) to base 7.
-132365
What is 140606462 (base 7) in base 8?
42746601
-54aa6 (base 16) to base 7
-2643023
What is -1c9ba5 (base 13) in base 12?
-2b5980
Convert -100100101101101000110 (base 2) to base 10.
-1203014
Convert 49baa (base 12) to base 9.
162414
What is 30330002 (base 5) in base 13?
87a55
Convert 12020210110 (base 3) to base 15.
20963
What is -100010111011100011 (base 2) in base 12?
-6a96b
What is 2113234 (base 7) in base 8?
763252
Convert -2b59 (base 16) to base 13.
-5088
What is 292a34 (base 11) in base 10?
457780
-10210104 (base 5) to base 6
-1453353
What is -628a8 (base 11) in base 8?
-262712
Convert 4405300 (base 6) to base 8.
653444
-5993277 (base 10) to base 7
-101641053
What is 102d11d (base 14) in base 10?
7642263
Convert 11000102010 (base 3) to base 13.
29c85
What is -11001112110 (base 4) in base 10?
-1316244
What is -102210222210220 (base 3) in base 15?
-840579
-210331002 (base 4) to base 9
-250560
-30204122 (base 6) to base 4
-3101003102
-1996d (base 16) to base 12
-507a5
What is -241011020 (base 6) in base 15?
-5e65a6
92b90 (base 12) to base 15
3bc4c
430171 (base 8) to base 7
1135212
962087 (base 10) to base 16
eae27
-2337513 (base 8) to base 3
-1012110021002
What is 1e423 (base 15) in base 7?
561033
11615b (base 12) to base 11
181533
What is -410512 (base 7) in base 9?
-115767
What is 31908 (base 16) in base 7?
1503612
Convert 2402340 (base 7) to base 13.
a8126
-32042514 (base 6) to base 13
-26b4a1
10111011110110011 (base 2) to base 8
273663
-23277662 (base 8) to base 11
-2959999
-73636 (base 15) to base 14
-974bb
63386 (base 11) to base 3
11200121101
-16235114 (base 7) to base 10
-1572029
What is 2575283 (base 12) in base 14?
d9bd87
What is 10022101110 (base 3) in base 10?
65163
1003000331203 (base 4) to base 2
1000011000000111101100011
What is -44994 (base 14) in base 12?
-8045a
Convert -39b043 (base 13) to base 16.
-1549ce
-25196 (base 13) to base 14
-1acd9
What is 5201443 (base 6) in base 14?
66b75
What is -8856 (base 9) in base 16?
-1983
-421c1 (base 14) to base 9
-262731
Convert 1807535 (base 11) to base 9.
5688132
What is 2607b2 (base 12) in base 2?
10011000001001110110
-1b8914 (base 12) to base 2
-1111000001000100000
112220210112 (base 4) to base 16
5a8916
-1012201220002 (base 3) to base 11
-40012a
What is 47bc5c (base 13) in base 5?
414230441
-581856 (base 9) to base 2
-1010101001111101001
What is -101233100 (base 4) in base 7?
-421553
Convert 230f6 (base 16) to base 2.
100011000011110110
11645366 (base 7) to base 14
1d5d36
Convert -269b3a (base 12) to base 16.
-9c11e
23261450 (base 8) to base 13
10875a5
What is -18007 (base 15) in base 12?
-38b14
Convert 396133 (base 12) to base 4.
3212120313
Convert -33013231123 (base 4) to base 11.
-226801a
-22141 (base 5) to base 15
-6d1
Convert 851899 (base 11) to base 9.
2508067
What is 8b22a (base 16) in base 15?
b3cd3
What is -96b66 (base 12) in base 4?
-300133332
Convert -4dc9d (base 14) to base 4.
-232311103
Convert 33555332 (base 6) to base 14.
1ca064
141013 (base 10) to base 9
234381
Convert 220021000222101 (base 3) to base 16.
c4bb95
Convert -1111010001100001010111 (base 2) to base 4.
-33101201113
Convert 5157 (base 14) to base 3.
201012021
1011000021110120 (base 3) to base 5
13204330423
Convert 861cb (base 13) to base 10.
242006
201230311 (base 4) to base 10
138037
-1161400 (base 9) to base 2
-10011010000001111101
Convert 6af2f (base 16) to base 10.
438063
C